be j(-9). What is the greatest common factor of d and 1356?
12
Suppose 0 = v + 8 - 11. Suppose -4*c + v*w = 2, 2*c + 5*w - 11 - 1 = 0. Calculate the greatest common divisor of c and 2.
1
Let r(q) = -2*q**3 + 29*q**2 + 15*q. Let u be r(13). Calculate the highest common factor of 54 and u.
54
Let o be 1*-12*3/2. Let h be (-6)/27 + (-8518)/o. Suppose 0 = 3*l + 2*d - 135, 3*l - 4*d - 146 = -29. What is the highest common factor of l and h?
43
Let u = -398 - -605. Suppose -g = 2, -2*w - 2*g = 3*w + 219. Let i = 66 + w. What is the greatest common divisor of u and i?
23
Let l(r) = 14*r - 110. Let s be l(9). Calculate the highest common factor of s and 4.
4
Suppose 5*v - 136 = 184. Let n(g) = 22*g + 8. Let b be n(0). What is the highest common divisor of v and b?
8
Let n be 6/3 + (5 - 5). Let v = n + 1. Suppose -76 = -v*s + 4*w, -5*w + 96 = 5*s - 4*w. Calculate the highest common factor of 20 and s.
20
Let f(w) = w**3 - 46*w**2 - 2837*w + 194. Let t be f(81). Let h(p) = 80*p. Suppose -2 = -i - i. Let d be h(i). What is the greatest common factor of d and t?
16
Suppose 11*c + 145 = 6*c - 5*k, 73 = -2*c - 5*k. Let u = -15 - c. Calculate the highest common divisor of u and 81.
9
Suppose 4*b = m + 8*b - 72, -5*m = 4*b - 296. Let z be -2 + (3 - -3)*5. What is the highest common factor of m and z?
28
Let b = -8 + 12. Let h(q) = 2*q - 6. Let l be h(b). Suppose 3*i - 16 = l*i. What is the greatest common divisor of 32 and i?
16
Let i(t) be the first derivative of -12*t + 1/3*t**3 + 2*t**2 - 1. Let n be i(-7). Calculate the highest common factor of n and 27.
9
Suppose -4*q + 26 = 5*c, 3*q - 20 = -6*c + 2*c. Suppose -5*b = -q*y + 4 + 5, 3*y = 3*b + 9. Let z = -1 - -7. What is the highest common divisor of y and z?
6
Let n = -8 + 14. Suppose 4*w = 5*q - 20, 5*q - 41 = w - n. Suppose 0 = -4*h + q*h - 16. Calculate the highest common divisor of h and 32.
4
Let b be (-1)/(1/(-11 + 4)). Suppose -b = -4*p + 13. Calculate the highest common divisor of p and 2.
1
Suppose 0 = -k + 8 + 3. Let r = 13 - k. Let o be 5 + (4 - r)*-1. Calculate the greatest common divisor of o and 27.
3
Let t(w) = 24*w**2 + 20*w + 9. Let o be t(-2). Calculate the greatest common factor of 585 and o.
65
Suppose -3*x - 3*u = 2*u - 198, -x - u + 66 = 0. Suppose 0 = 3*a - 0*a - 5*b - 772, 2*a - 540 = -3*b. What is the greatest common factor of x and a?
66
Let n(w) be the second derivative of -w**4/12 - w**3 + w**2 - 10*w. Let k be n(-5). What is the highest common divisor of 63 and k?
7
Let p = 3 + -2. Let n(j) = 29*j - 2. Let r be n(p). What is the highest common factor of r and 36?
9
Suppose 5*w = 2*x + 14, -4*w - 6 = 4*x - 3*w. Let d = x - -10. What is the greatest common divisor of d and 8?
8
Suppose -2 = b - 25. Suppose 0 = v - b + 5. Let c = 64 - 46. Calculate the highest common divisor of c and v.
18
Suppose 0 = c - 2*t - 1, 3 + 0 = -c + 3*t. Let s(z) = z**2 - 5*z - 27. Let y be s(c). Calculate the greatest common factor of 1 and y.
1
Suppose -3*i + 11*i = 16328. What is the highest common factor of 13 and i?
13
Let b be (2 - 58)/((14/8)/(-7)). What is the greatest common factor of 504 and b?
56
Let m = 40 - -15. What is the greatest common factor of m and 385?
55
Suppose 4*i + 7 = -5*b + 22, 4 = -4*b. Suppose 5*k + 141 = i*q + 6, q = 2*k + 22. Calculate the greatest common factor of 128 and q.
32
Suppose 0 = -0*c + c + 2*v - 9, 0 = 3*v - 9. Suppose -c*j = -2*j - 12. Let p = 19 - 7. What is the greatest common divisor of j and p?
12
Suppose -3*n + 1021 = 2*s + 26, 2*n - s - 675 = 0. What is the greatest common divisor of n and 67?
67
Let p(w) = -w**2 + 43*w - 113. Let a be p(33). What is the greatest common divisor of a and 93?
31
Suppose 2*x - 2*n - 8 + 0 = 0, 5*x + 2*n = 13. Calculate the greatest common factor of 37 and x.
1
Let s(d) = -d**3 + 12*d**2 - 25*d - 32. Let p be s(8). Calculate the greatest common factor of p and 600.
24
Let f be (80/(-15) + 4)*(-250 - -4). What is the greatest common divisor of f and 16?
8
Let r be 35/(-112)*-92 + (-6)/8. Suppose 3*z - 896 = -z. What is the greatest common factor of z and r?
28
Let i be (7/(-21))/(3/(-27)). Let s = -6 + 9. Calculate the greatest common divisor of s and i.
3
Let c = 220 - 210. Calculate the greatest common factor of 210 and c.
10
Suppose -4*u - u = -135. Suppose -q + 5*a + 211 = 0, -2*a = 2*q - 58 - 376. Calculate the highest common divisor of u and q.
27
Let a = -79 + 87. Suppose a*c = -4*v + 3*c + 935, -236 = -v - 2*c. Calculate the greatest common factor of 92 and v.
46
Suppose k + 5 = -3. Let g be ((-5)/(-2))/((-4)/k). Suppose 72 + 48 = 3*f. Calculate the greatest common factor of f and g.
5
Let v(a) = -2*a**2 - 11*a - 3. Let z(x) = 8*x**2 + 45*x + 11. Let f(h) = -9*v(h) - 2*z(h). Let n be f(-5). Calculate the greatest common divisor of 130 and n.
10
Suppose 0 = 4*t + 13 - 45. Let f = 9 - -11. Calculate the highest common factor of f and t.
4
Let z(p) = p**2 - 53*p + 494. Let g be z(12). Let l(r) = -r**2 + 10*r - 3. Let s be l(7). Calculate the highest common divisor of g and s.
2
Let w be (-1)/2 + (-42)/(-12) + -3. Suppose w = -2*c + 6*c - 12. What is the highest common divisor of c and 9?
3
Suppose 0 = -6*z + 3*z + 6. Let m(y) = y**2 - y + 6. Let c be m(0). Let p(x) = x - 1. Let f be p(c). What is the greatest common factor of f and z?
1
Let y be (4/(-8))/(2/(-456)). Suppose 0 = 4*d + y + 110. Let t be (-498)/(-14) + (-24)/d. Calculate the greatest common divisor of 12 and t.
12
Let b be 572/12 - 11 - (-1)/3. Calculate the greatest common factor of b and 1073.
37
Let d(t) = 60*t - 7. Let g(x) = 59*x - 6. Let m(u) = -4*d(u) + 5*g(u). Let y be m(2). Calculate the highest common factor of 12 and y.
12
Let k(n) = 2*n - 4. Let m be k(7). Let g = 14 - m. Let a(c) = 8*c - 4. Let i be a(6). What is the greatest common divisor of g and i?
4
Suppose -30*u + 684 = -12*u. Let i(h) = -h**3 - 9*h**2 - 4*h + 2. Let j be i(-9). Calculate the greatest common divisor of u and j.
38
Let g(s) = 2*s**3 - 9*s**2 + 10*s + 10. Let u be g(7). What is the greatest common factor of 25 and u?
25
Suppose -2*y + 5 + 5 = 0. Suppose 28 = y*t + s, -2*t - 2*s + 31 = 3*t. Suppose 0 = 61*x - 139 + 17. Calculate the greatest common factor of t and x.
1
Let b = -5 + 60. Let m = -233 + 238. Calculate the highest common factor of m and b.
5
Suppose r - 63*f - 112 = -61*f, -2*f = -4*r + 418. Calculate the greatest common factor of 30 and r.
6
Let z(b) = -3. Let y(c) = c. Let w(t) = -2*y(t) - z(t). Let p be w(-3). Suppose -l + 19 = -p. Calculate the highest common divisor of l and 7.
7
Suppose -5*b + 2*i + 272 = 0, 4*b + 3*i = 7*b - 165. Calculate the highest common divisor of 90 and b.
18
Let g(o) = 2*o**3 - 2*o**2 - 3*o + 6. Let q be g(4). Let z(t) = -5*t + 33. Let h be z(3). Calculate the greatest common factor of q and h.
18
Let i(q) = -3*q**2 + 52*q + 83. Let h(g) = 2*g**2 - 35*g - 55. Let z(b) = 7*h(b) + 5*i(b). Let c be z(15). Calculate the highest common factor of c and 20.
10
Let j be (-6)/2 - (-1 + -2). Suppose -5*d + 4 = -3*d, -2*p - 4*d + 28 = j. Let l be (-231)/(-35) - (-4)/p. What is the highest common divisor of l and 49?
7
Suppose 44*j - 20*j - 648 = 0. Calculate the highest common factor of 180 and j.
9
Let i = 18 - 16. Calculate the greatest common factor of 26 and i.
2
Suppose -3*u = -u - 558. Calculate the highest common divisor of 651 and u.
93
Let p(v) = 1. Let y(q) = -52*q + 13. Let u(a) = -26*p(a) + y(a). Let z be u(-4). What is the highest common divisor of 39 and z?
39
Let q be 26 + (4 + -5)/(4/8). What is the greatest common divisor of 160 and q?
8
Suppose 0 = -2*h - 0*h. Let n = h - -12. Calculate the greatest common divisor of n and 108.
12
Let k be (2 + -1)/((-6)/(-30)). Suppose g = k*o + 24, g + 3*o = 6*o + 30. What is the greatest common divisor of g and 273?
39
Let s(z) = z**2 + 2*z + 8. Let p be s(8). Calculate the greatest common divisor of p and 33.
11
Let i be 4/3*(1 + 2). Suppose -5*p = -2*h + 20, 0 = 2*p - 2*h + i*h + 22. Let k(c) = -3*c - 11. Let b be k(p). Calculate the highest common factor of 1 and b.
1
Let i be ((-18)/8)/(-15 - (-1495)/100). Calculate the greatest common divisor of i and 72.
9
Let f(j) = -5*j + 17. Let r be f(-13). Suppose 4*t - 103 = -5*g, -2*t + r = t - g. What is the greatest common factor of 